
5
Suppose 11*s = 18*s - 42. Suppose -10*g + 144 = -s*g. What is the units digit of g?
6
Suppose 5*a - 4*d + 35 = 0, 4*d + 4 - 12 = -4*a. Let q be 0/((-1)/(3/a)). Suppose -3*z + 48 = -q*z - 3*c, -3*z - 4*c + 69 = 0. What is the tens digit of z?
1
Let l(a) = a**3 + 9*a**2 - 3*a - 3. Let j be l(-9). Suppose 3*y + 9 = 0, -5*y = v - 0*y + j. What is the units digit of (36/3)/(-4)*v?
7
Let s(k) = k - 10. Let f be s(15). Suppose 3*n = -3, -f*a + n = -31 + 10. Suppose -a*u = u - 270. What is the tens digit of u?
5
Let f = 160 + -86. Let j = f - -43. What is the tens digit of j?
1
Suppose 18*x = 53*x - 34790. What is the hundreds digit of x?
9
Let q(r) = -2*r**3 - 10*r**2 + 7. Let s be q(-5). Let y(x) = 2*x**2 - 4*x - 11. What is the tens digit of y(s)?
5
Let v be ((-8)/(-7))/4*7. Suppose -z + v*z = 77. What is the tens digit of z?
7
Let n(p) = 5*p - 2. Let d be n(2). What is the units digit of 2596/14 + d/14?
6
Let n = 11 - 8. Suppose 2*t + 1 = n, 0 = -4*k + t + 547. What is the units digit of k?
7
Let q(p) = p**2 - 6*p - 7. Let z be q(6). Let n = 9 + z. Let y(l) = l**3 - 2*l + 2. What is the units digit of y(n)?
6
Let j(l) = -l**2 - 6*l + 4. Let o(w) = w - 6. Let g be o(16). Let x be ((-8)/g)/(8/60). What is the units digit of j(x)?
4
Suppose -t - 9*t = -21670. What is the tens digit of t?
6
Let k(m) = 2*m**3 + 2*m**2 + m - 1. Let r be k(-1). What is the units digit of (1 + 3)/1 + r?
2
Suppose -u + 614 = 5*b - 3*b, -1897 = -3*u + 5*b. What is the hundreds digit of u?
6
What is the hundreds digit of 15172/20 + 2/5?
7
Let h = -14 + 19. Let w be (-2)/5 + 17/h. What is the units digit of w/(-24)*(-2 - 6)?
1
Let a(y) = y**2 + y - 1. Let f(o) = -89*o**2 + 2*o - 1. Let k(b) = 2*a(b) - f(b). What is the tens digit of k(1)?
9
Suppose 4*d - 2*v - 28 = 0, 5*v = -4*d - d + 20. Suppose 0 = -4*y + 6 + d. Let n(r) = 2*r**2 - 2*r + 7. What is the tens digit of n(y)?
1
Suppose 3*h = -3*h. Suppose 4*q + h*q = 268. What is the tens digit of q?
6
Let u(o) = 301*o**3 - 2*o - 1. Let g be u(-1). Let s = -200 - g. What is the hundreds digit of s?
1
Suppose 0 = 68*g - 114412 - 84284. What is the tens digit of g?
2
Let f = 1459 - 644. What is the hundreds digit of f?
8
Suppose -2*y = -12*y + 20. What is the tens digit of 75 - 1/y*-6?
7
Suppose -11*q - 5*n + 5087 = -7*q, 5*q + n - 6364 = 0. What is the thousands digit of q?
1
Suppose -3*o + z = -494, 4*o - 837 = 5*z - 182. What is the tens digit of o?
6
Let v(l) = -l**3 - 5*l**2 + 6*l - 1. Let x be v(-6). Let o(f) = 2*f**2 + 13*f**2 - 12*f + 2 + 13*f - 1. What is the tens digit of o(x)?
1
Suppose 5*c - 4*n = -2 - 4, -2*n = -c. What is the units digit of (-134)/(2/(-1)) + c?
5
Suppose 4*v = g + 4018, -1002 = -0*v - v - g. What is the hundreds digit of v?
0
Let c(a) = -a + 53. Let n be c(0). Suppose 8*o = -7 + 31. Suppose 4*q = -o*d + n, -2*d - 3*q + 58 = -6*q. What is the tens digit of d?
2
Let f be 2*6/(-16)*8. Let z = f + 32. Suppose -z = -3*o - 8. What is the units digit of o?
6
Let d(v) = -1134*v**3 - 4*v**2 - v + 3. What is the hundreds digit of d(-1)?
1
Suppose 0 = 4*a - 4*s - 92, -5*a - 2*s = -3*s - 123. Let h be (-54)/(-5) + 5/a. Let j = 12 + h. What is the tens digit of j?
2
Let d(f) = 5*f**3 - 3*f**2 + 4*f + 4. Let t(o) = -o**2 - 8*o - 13. Let n be t(-4). What is the hundreds digit of d(n)?
1
Let r = 10 + 407. Let q be ((-5)/15)/((-1)/r). Suppose -5*n = -y - 3*y + q, -5*y - 5*n + 140 = 0. What is the tens digit of y?
3
Suppose -38*l + 30443 = -61973. What is the hundreds digit of l?
4
Let w(p) = 35*p**2 + 5*p - 4. Let k(h) = -17*h**2 - 2*h + 2. Let t(d) = 7*k(d) + 3*w(d). Let m be t(2). What is the tens digit of 2/(-3 - m/17)?
3
Let l = -114 + 318. What is the tens digit of l?
0
Suppose 9*t - 8*t - 5*x = 5, -t + 3*x = -3. What is the units digit of t/(-9) - (1 - 490/2)?
4
Suppose 1 = 3*z - 11. Let w = 578 + -573. Suppose -2*u = -z*g - 96, -w*u = -0*g - 2*g - 264. What is the tens digit of u?
5
Suppose 67 = 3*z - 26. Let w = 72 - z. What is the units digit of w?
1
Suppose -5*v - 1562 = -3*h - 3*v, -1056 = -2*h + 5*v. Let q = -277 + h. What is the units digit of q?
1
What is the hundreds digit of 14542/11 - 1 - -2?
3
Let o = -153 - -164. Let w = 53 - o. What is the units digit of w?
2
Suppose 3*r - 5*m - 140 - 60 = 0, -3*r = 5*m - 160. Suppose j - 39 = r. What is the units digit of j?
9
Suppose -26*c + 7927 = 153. What is the tens digit of c?
9
Suppose 4*r - 67 = k, 3*k = -2*r - 2*k + 39. Suppose -r*w + 22*w = 0. Suppose w = -5*j + 2*j + 129. What is the tens digit of j?
4
Suppose 37*d - 53*d = -4880. What is the units digit of d?
5
Suppose -45129 - 14848 = -37*b. What is the units digit of b?
1
Let m be (-5)/(-2)*20/25. Suppose 4 = -m*a + 18. What is the units digit of a?
7
Suppose 0 = -4*y + 15 + 5. Suppose -y*z + 387 + 1678 = 0. Suppose 3*u + 4*u = z. What is the units digit of u?
9
Let w be 4/3*15/(0 + 5). Let u = 3 - 4. What is the tens digit of u/w + 258/8?
3
Let p = -872 + 1457. What is the units digit of p?
5
Let h(f) = -266*f + 296. What is the units digit of h(-3)?
4
Let b = -36 + 43. Let g = -5 + b. Suppose 5*u = -0*u + 3*z + 66, u - 8 = -g*z. What is the tens digit of u?
1
Let w(y) = -y**3 + 24*y**2 + 26*y - 22. Let g be w(25). Suppose 84 = 2*f - g*z, 3*f - 7*f + 3*z = -174. What is the tens digit of f?
4
Suppose 13*f - f - 2244 = 0. Let r = f - 70. What is the tens digit of r?
1
Let u(n) = 5*n**2 - n - 2. Let i(c) = c**3 - 3*c**2 - c + 2. Let q be i(3). What is the units digit of u(q)?
4
What is the tens digit of (2076/10)/(3/(-45)*-6)?
1
Let z(w) = -w**3 + 5*w**2 + 53*w + 9. Let h be z(-5). Let v(u) = -3*u + u - 5*u + 5. What is the units digit of v(h)?
7
Let o be (1 - 0) + 2/(-2). Let c(h) = -h + 37. Let m be c(o). Let n = -4 + m. What is the units digit of n?
3
Let z be -3 + 6 - 3*-1. Let p(x) = x**2 + 4*x - 10. What is the tens digit of p(z)?
5
Suppose -36212 - 7699 = -51*r. What is the hundreds digit of r?
8
Suppose 237 = 19*x - 22*x. Let s = x + 120. What is the units digit of s?
1
Suppose -59 = 5*w - 199. Let g = w + 9. What is the tens digit of g?
3
Suppose -4*s + 2*g + g - 1 = 0, -2*s - 2 = -2*g. Let k(j) = 135*j - 35. Let x(t) = -8*t + 2. Let o(v) = s*k(v) + 35*x(v). What is the tens digit of o(-5)?
5
Let j = 192 + -71. What is the tens digit of j?
2
Let b = 87 + -87. Suppose 7*x - 368 - 17 = b. What is the units digit of x?
5
Let d(j) = 6*j**2 + 7*j + 11. Suppose 14*k = 12*k - 12. What is the hundreds digit of d(k)?
1
Let w be (36/(-30))/(3/(-10)). Suppose -d - 3 = 0, -w*c + 406 = -5*d + 67. What is the units digit of c?
1
Let j = 4565 - 3247. What is the thousands digit of j?
1
Let p be ((-7)/(-2) + -3)*(1 - -9). Suppose -99 + 39 = -3*t + 5*q, -20 = -t + p*q. What is the units digit of t?
0
Suppose -14*y = -10*y + 20. Let b(k) = -53*k + 15. Let w be b(y). What is the units digit of ((-54)/7)/((-30)/w)?
2
What is the tens digit of 388 + (-7 - -9) + -5?
8
Suppose 2*k = -47 + 7. Let a(h) = h**2 + 10*h + 68. What is the hundreds digit of a(k)?
2
Let q(r) = -r**3 - 6*r**2 + 12*r + 2. Let b be ((-12)/16 + 3)/((-2)/8). What is the units digit of q(b)?
7
Suppose -3*n - 5*f + 3101 = 371, f + 4578 = 5*n. What is the units digit of n?
5
Suppose 2*n - 9*w + 13*w - 1882 = 0, n - 3*w - 946 = 0. What is the tens digit of n?
4
What is the hundreds digit of (-80794)/(-290) + (-1)/(-5)*2?
2
Suppose -12*v = -23*v + 407. What is the units digit of v?
7
Suppose 0 = -63*s + 64*s - 8. Suppose -36 = -2*l - 0*l. Let j = l + s. What is the units digit of j?
6
Let m(a) = -a**2 + 103*a + 191. What is the tens digit of m(55)?
3
Suppose -4*p + 4328 = -4*u, -5*p + 0*p + 2*u + 5419 = 0. Suppose -8*b - 349 + p = 0. What is the tens digit of b?
9
Let k be (2/(-4) + 2)/(3/(-4)). Suppose -4*h = -0*h - 28. What is the units digit of h/21 + k/(-3)?
1
What is the units digit of 8592/2 - 9 - 2/(-2)?
8
Let h = -45 - -57. What is the tens digit of 36 + 4/(h/3)?
3
Let n(g) be the first derivative of -7*g**2/2 - 12*g + 3. Let c = -6 + -1. What is the units digit of n(c)?
7
Let q(f) = 43*f - 13. Let x be q(-4). Let k = -118 - x. What is the tens digit of k?
6
Let w = -3584 - -5343. What is the tens digit of w?
5
Let j(h) = 2*h**2 + 6*h + 4. Suppose 1 = -w + 5. Suppose -w*m = -7*m - 12. What is the tens digit of j(m)?
1
Suppose -2*j +